{"id":1455,"date":"2023-04-05T15:06:20","date_gmt":"2023-04-05T13:06:20","guid":{"rendered":"https:\/\/www.photoclubgland.ch\/Wpress\/?page_id=1455"},"modified":"2025-12-05T21:25:09","modified_gmt":"2025-12-05T20:25:09","slug":"expositions","status":"publish","type":"page","link":"https:\/\/www.photoclubgland.ch\/Wpress\/expositions\/","title":{"rendered":"Expos annuelles"},"content":{"rendered":"\nngg_shortcode_0_placeholder\n","protected":false},"excerpt":{"rendered":"","protected":false},"author":1,"featured_media":0,"parent":0,"menu_order":0,"comment_status":"closed","ping_status":"closed","template":"","meta":{"advgb_blocks_editor_width":"","advgb_blocks_columns_visual_guide":"","ngg_post_thumbnail":0,"footnotes":""},"class_list":["post-1455","page","type-page","status-publish","hentry"],"coauthors":[],"author_meta":{"author_link":"https:\/\/www.photoclubgland.ch\/Wpress\/author\/admin\/","display_name":"Henri Schaerer"},"relative_dates":{"created":"Publi\u00e9 3 ans il y a","modified":"Mis \u00e0 jour 5 mois il y a"},"absolute_dates":{"created":"Publi\u00e9 le 5 avril, 2023","modified":"Mise \u00e0 jour le 5 d\u00e9cembre, 2025"},"absolute_dates_time":{"created":"Publi\u00e9 le 5 avril, 2023 15h06","modified":"Mise \u00e0 jour le 5 d\u00e9cembre, 2025 21h25"},"featured_img_caption":"","featured_img":false,"series_order":"","_links":{"self":[{"href":"https:\/\/www.photoclubgland.ch\/Wpress\/wp-json\/wp\/v2\/pages\/1455","targetHints":{"allow":["GET"]}}],"collection":[{"href":"https:\/\/www.photoclubgland.ch\/Wpress\/wp-json\/wp\/v2\/pages"}],"about":[{"href":"https:\/\/www.photoclubgland.ch\/Wpress\/wp-json\/wp\/v2\/types\/page"}],"author":[{"embeddable":true,"href":"https:\/\/www.photoclubgland.ch\/Wpress\/wp-json\/wp\/v2\/users\/1"}],"replies":[{"embeddable":true,"href":"https:\/\/www.photoclubgland.ch\/Wpress\/wp-json\/wp\/v2\/comments?post=1455"}],"version-history":[{"count":2,"href":"https:\/\/www.photoclubgland.ch\/Wpress\/wp-json\/wp\/v2\/pages\/1455\/revisions"}],"predecessor-version":[{"id":7283,"href":"https:\/\/www.photoclubgland.ch\/Wpress\/wp-json\/wp\/v2\/pages\/1455\/revisions\/7283"}],"wp:attachment":[{"href":"https:\/\/www.photoclubgland.ch\/Wpress\/wp-json\/wp\/v2\/media?parent=1455"}],"curies":[{"name":"wp","href":"https:\/\/api.w.org\/{rel}","templated":true}]}}

Publié 3 ans il y a

Mis à jour 5 mois il y a

Publié le 5 avril, 2023

Mise à jour le 5 décembre, 2025

Publié le 5 avril, 2023 15h06

Mise à jour le 5 décembre, 2025 21h25
