{"id":5017,"date":"2024-07-23T14:08:18","date_gmt":"2024-07-23T12:08:18","guid":{"rendered":"https:\/\/www.photoclubgland.ch\/Wpress\/?page_id=5017"},"modified":"2026-01-31T23:34:12","modified_gmt":"2026-01-31T22:34:12","slug":"historique","status":"publish","type":"page","link":"https:\/\/www.photoclubgland.ch\/Wpress\/historique\/","title":{"rendered":"Historique"},"content":{"rendered":"\n<h2 class=\"wp-block-heading\"><strong>L&#8217;histoire du Photo Club Gland<\/strong><\/h2>\n\n\n\n<p>La s\u00e9ance constitutive du Photo Club Gland a eu lieu le 7 juin 2006.<\/p>\n\n\n\n<p>Son histoire a indirectement commenc\u00e9 dix ans plus t\u00f4t. En effet, en 1996, <strong>trois amis Glandois et photographes amateurs d\u00e9cident de monter une exposition commune.<\/strong> Ce sont Martine Bovon, Christian Riethauser et Andr\u00e9 W\u00fcrgler. Cette expo aura lieu en mars 1997 sous le titre de \u00ab <em>Regards crois\u00e9s<\/em> \u00bb avec des photos sur notre \u2013 \u00e0 l\u2019\u00e9poque encore \u2013 village. Lors de cette manifestation, un appel est lanc\u00e9 \u00e0 ceux qui seraient int\u00e9ress\u00e9s \u00e0 participer \u00e0 une nouvelle exposition au printemps 1998. Ce sera finalement le\u00a0cas avec 11 participants ainsi qu\u2019une classe.\u00a0<\/p>\n\n\n\n<p><strong>D\u00e8s lors, chaque ann\u00e9e, un groupe informel se r\u00e9unira afin de renouveler, d\u2019ann\u00e9e en ann\u00e9e, la manifestation printani\u00e8re.\u00a0<\/strong><\/p>\n\n\n\n<p>1997 &#8211; Regards crois\u00e9s &#8211; 3 participants&nbsp;<\/p>\n\n\n\n<p>1998 &#8211; Entre lac et Jura &nbsp;&#8211; 11 participants + 1 classe&nbsp;<\/p>\n\n\n\n<p>1999 &#8211; Vigne &#8211; 9 participants + 1 classe&nbsp;<\/p>\n\n\n\n<p>2000 &#8211; Textes-pr\u00e9textes &#8211; 9 participants + 1 classe&nbsp;<\/p>\n\n\n\n<p>2001 &#8211; L\u2019eau &#8211; 7 participants<\/p>\n\n\n\n<p>2002 &#8211; Couleurs &#8211; 11 participants<\/p>\n\n\n\n<p>2003 &#8211; Rondeurs et l\u00e9g\u00e8ret\u00e9 &#8211; 13 participants&nbsp;<\/p>\n\n\n\n<p>2004 &#8211; M\u00e9tiers &#8211; 10 participants&nbsp;<\/p>\n\n\n\n<p>2005 &#8211; Lignes &#8211; 18 participants&nbsp;<\/p>\n\n\n\n<p>2006 &#8211; Foires et march\u00e9s &#8211; 21 participants&nbsp;<\/p>\n\n\n\n<p><strong>Arriv\u00e9s \u00e0 ce stade, certains participants ont estim\u00e9 que la cr\u00e9ation d\u2019un club serait b\u00e9n\u00e9fique :<\/strong> plus de r\u00e9unions durant l\u2019ann\u00e9e avec des sujets techniques ou des photos \u00e0 pr\u00e9senter, sorties, etc. C\u2019est ainsi que nous sommes arriv\u00e9s \u00e0 la constitution du Photo Club Gland. Des s\u00e9ances ont lieu r\u00e9guli\u00e8rement. Elles alternent sujets techniques et travaux photographiques, afin de nous forcer \u00e0 travailler des sujets ou des techniques qui ne sont pas toujours dans nos habitudes.\u00a0<\/p>\n\n\n\n<p><strong>Depuis cette date, les expositions annuelles ont continu\u00e9 et repr\u00e9sentent la principale vitrine du club.<\/strong><\/p>\n\n\n\n<p>2007 &#8211; Mouvement(s) &#8211; 15 participants&nbsp;<\/p>\n\n\n\n<p>2008 &#8211; Ombres et lumi\u00e8res &#8211; 11 participants&nbsp;<\/p>\n\n\n\n<p>2009 &#8211; Reflets &#8211; 17 participants&nbsp;<\/p>\n\n\n\n<p>2010 &#8211; Kal\u00e9idoskope (4 th\u00e8mes) &#8211; 15 participants&nbsp;<\/p>\n\n\n\n<p>2011 &#8211; Pluie &#8211; 17 particpants&nbsp;<\/p>\n\n\n\n<p>2012 &#8211; Glandiose (soci\u00e9t\u00e9 locales) &#8211; 9 participants&nbsp;<\/p>\n\n\n\n<p>2013 &#8211; Contrastes &#8211; 16 participants<\/p>\n\n\n\n<p>2014 &#8211; Villages de la C\u00f4te &#8211; 15 participants&nbsp;<\/p>\n\n\n\n<p>2015 &#8211; Les cinq \u00e9l\u00e9ments&nbsp;<\/p>\n\n\n\n<p>2016 &#8211; La ville et ses lumi\u00e8res&nbsp;<\/p>\n\n\n\n<p>2017 &#8211; Graphisme urbain&nbsp;<\/p>\n\n\n\n<p>2018 &#8211; Nature sauvage de nos r\u00e9gions<\/p>\n\n\n\n<p><a href=\"https:\/\/www.photoclubgland.ch\/Wpress\/expositions\/nggallery\/album\/expo-2019\">2019 &#8211; Fragments d&#8217;ailleurs<\/a><\/p>\n\n\n\n<p>2020 &#8211; <em>Expo annul\u00e9e\u00a0(pand\u00e9mie)<\/em><\/p>\n\n\n\n<p><a href=\"https:\/\/www.photoclubgland.ch\/Wpress\/expositions\/nggallery\/album\/expo-2021\">2021 &#8211; Formes et couleurs<\/a><\/p>\n\n\n\n<p><a href=\"https:\/\/www.photoclubgland.ch\/Wpress\/expositions\/nggallery\/album\/expo-2022-reportage\">2022 &#8211; Reportage<\/a><\/p>\n\n\n\n<p><a href=\"https:\/\/www.photoclubgland.ch\/Wpress\/expositions\/nggallery\/eexpo-2023-decale\">2023 &#8211; D\u00e9cal\u00e9<\/a><\/p>\n\n\n\n<p><a href=\"https:\/\/www.photoclubgland.ch\/Wpress\/expo-2024\/\" data-type=\"page\" data-id=\"4177\">2024 &#8211; Carte Blanche<\/a><\/p>\n\n\n\n<p><a href=\"https:\/\/www.photoclubgland.ch\/Wpress\/expo-2025\/\" data-type=\"page\" data-id=\"5423\">2025 &#8211; Monochrome<\/a><\/p>\n\n\n\n<p><a href=\"https:\/\/www.photoclubgland.ch\/Wpress\/exposition-annuelle-2026\/\" data-type=\"page\" data-id=\"7182\">2026 &#8211; Street Photography<\/a><\/p>\n\n\n\n<p>2027 &#8211; 30\u00e8me \u00e9dition &#8211; Insolite<\/p>\n","protected":false},"excerpt":{"rendered":"<p>L&#8217;histoire du Photo Club Gland La s\u00e9ance constitutive du Photo Club Gland a eu lieu le 7 juin 2006. Son histoire a indirectement commenc\u00e9 dix ans plus t\u00f4t. En effet, <a class=\"more-link\" href=\"https:\/\/www.photoclubgland.ch\/Wpress\/historique\/\">Continuer la lecture<span class=\"screen-reader-text\">Historique<\/span><span class=\"meta-nav\">&rarr;<\/span><\/a><\/p>\n","protected":false},"author":1,"featured_media":0,"parent":0,"menu_order":0,"comment_status":"closed","ping_status":"closed","template":"","meta":{"advgb_blocks_editor_width":"","advgb_blocks_columns_visual_guide":"","ngg_post_thumbnail":0,"footnotes":""},"class_list":["post-5017","page","type-page","status-publish","hentry"],"coauthors":[],"author_meta":{"author_link":"https:\/\/www.photoclubgland.ch\/Wpress\/author\/admin\/","display_name":"Henri Schaerer"},"relative_dates":{"created":"Publi\u00e9 2 ans il y a","modified":"Mis \u00e0 jour 3 mois il y a"},"absolute_dates":{"created":"Publi\u00e9 le 23 juillet, 2024","modified":"Mise \u00e0 jour le 31 janvier, 2026"},"absolute_dates_time":{"created":"Publi\u00e9 le 23 juillet, 2024 14h08","modified":"Mise \u00e0 jour le 31 janvier, 2026 23h34"},"featured_img_caption":"","featured_img":false,"series_order":"","_links":{"self":[{"href":"https:\/\/www.photoclubgland.ch\/Wpress\/wp-json\/wp\/v2\/pages\/5017","targetHints":{"allow":["GET"]}}],"collection":[{"href":"https:\/\/www.photoclubgland.ch\/Wpress\/wp-json\/wp\/v2\/pages"}],"about":[{"href":"https:\/\/www.photoclubgland.ch\/Wpress\/wp-json\/wp\/v2\/types\/page"}],"author":[{"embeddable":true,"href":"https:\/\/www.photoclubgland.ch\/Wpress\/wp-json\/wp\/v2\/users\/1"}],"replies":[{"embeddable":true,"href":"https:\/\/www.photoclubgland.ch\/Wpress\/wp-json\/wp\/v2\/comments?post=5017"}],"version-history":[{"count":3,"href":"https:\/\/www.photoclubgland.ch\/Wpress\/wp-json\/wp\/v2\/pages\/5017\/revisions"}],"predecessor-version":[{"id":7492,"href":"https:\/\/www.photoclubgland.ch\/Wpress\/wp-json\/wp\/v2\/pages\/5017\/revisions\/7492"}],"wp:attachment":[{"href":"https:\/\/www.photoclubgland.ch\/Wpress\/wp-json\/wp\/v2\/media?parent=5017"}],"curies":[{"name":"wp","href":"https:\/\/api.w.org\/{rel}","templated":true}]}}