{"id":6555,"date":"2025-05-19T09:19:02","date_gmt":"2025-05-19T07:19:02","guid":{"rendered":"https:\/\/www.photoclubgland.ch\/Wpress\/?page_id=6555"},"modified":"2026-04-08T09:40:23","modified_gmt":"2026-04-08T07:40:23","slug":"presentation-octobre","status":"publish","type":"page","link":"https:\/\/www.photoclubgland.ch\/Wpress\/preparation-expo\/presentation-octobre\/","title":{"rendered":"\ud83d\udc49 Pour le 21 et 26 octobre"},"content":{"rendered":"","protected":true},"excerpt":{"rendered":"","protected":true},"author":32,"featured_media":0,"parent":6509,"menu_order":0,"comment_status":"closed","ping_status":"closed","template":"","meta":{"advgb_blocks_editor_width":"","advgb_blocks_columns_visual_guide":"","ngg_post_thumbnail":0,"footnotes":""},"class_list":["post-6555","page","type-page","status-publish","post-password-required","hentry"],"coauthors":[],"author_meta":{"author_link":"https:\/\/www.photoclubgland.ch\/Wpress\/author\/poulpie\/","display_name":"Virginie"},"relative_dates":{"created":"Publi\u00e9 11 mois il y a","modified":"Mis \u00e0 jour 1 semaine il y a"},"absolute_dates":{"created":"Publi\u00e9 le 19 mai, 2025","modified":"Mise \u00e0 jour le 8 avril, 2026"},"absolute_dates_time":{"created":"Publi\u00e9 le 19 mai, 2025 9h19","modified":"Mise \u00e0 jour le 8 avril, 2026 9h40"},"featured_img_caption":"","featured_img":false,"series_order":"","_links":{"self":[{"href":"https:\/\/www.photoclubgland.ch\/Wpress\/wp-json\/wp\/v2\/pages\/6555","targetHints":{"allow":["GET"]}}],"collection":[{"href":"https:\/\/www.photoclubgland.ch\/Wpress\/wp-json\/wp\/v2\/pages"}],"about":[{"href":"https:\/\/www.photoclubgland.ch\/Wpress\/wp-json\/wp\/v2\/types\/page"}],"author":[{"embeddable":true,"href":"https:\/\/www.photoclubgland.ch\/Wpress\/wp-json\/wp\/v2\/users\/32"}],"replies":[{"embeddable":true,"href":"https:\/\/www.photoclubgland.ch\/Wpress\/wp-json\/wp\/v2\/comments?post=6555"}],"version-history":[{"count":43,"href":"https:\/\/www.photoclubgland.ch\/Wpress\/wp-json\/wp\/v2\/pages\/6555\/revisions"}],"predecessor-version":[{"id":7566,"href":"https:\/\/www.photoclubgland.ch\/Wpress\/wp-json\/wp\/v2\/pages\/6555\/revisions\/7566"}],"up":[{"embeddable":true,"href":"https:\/\/www.photoclubgland.ch\/Wpress\/wp-json\/wp\/v2\/pages\/6509"}],"wp:attachment":[{"href":"https:\/\/www.photoclubgland.ch\/Wpress\/wp-json\/wp\/v2\/media?parent=6555"}],"curies":[{"name":"wp","href":"https:\/\/api.w.org\/{rel}","templated":true}]}}