{"id":7149,"date":"2025-11-30T22:13:25","date_gmt":"2025-11-30T21:13:25","guid":{"rendered":"https:\/\/www.photoclubgland.ch\/Wpress\/?page_id=7149"},"modified":"2025-11-30T22:16:41","modified_gmt":"2025-11-30T21:16:41","slug":"concours-2025-2026","status":"publish","type":"page","link":"https:\/\/www.photoclubgland.ch\/Wpress\/concours-2025-2026\/","title":{"rendered":"Concours photo"},"content":{"rendered":"\n<h2 class=\"wp-block-heading has-text-align-center\" id=\"concours-photo-4-ea3ef373-2bd0-45de-96ed-f6d99e557db4\">Concours photo #4<\/h2>\n\n\n\n<p class=\"has-text-align-center\">Notre concours public annuel est de retour pour sa 4\u00e8me \u00e9dition !<\/p>\n\n\n\n<p class=\"has-text-align-center\"><strong>R\u00e9alise une seule photo au format carr\u00e9 sur le th\u00e8me \u00ab Ombre(s) \u00bb<\/strong> et envoie-la via le formulaire ci-dessus au plus tard le 31 janvier 2026 \u00e0 minuit.<\/p>\n\n\n\n<div class=\"wp-block-advgb-button aligncenter\"><a class=\"wp-block-advgb-button_link advgbbtn-c69fd160-71d9-47b0-9c0c-e951a670660c\" href=\"https:\/\/forms.gle\/76kjEhXQwfgiarjX6\" target=\"_blank\" rel=\"noopener noreferrer\"><span>\ud83d\uddbc\ufe0f J&#8217;envoie ma photo !<\/span><\/a><\/div>\n\n\n\n<div style=\"height:44px\" aria-hidden=\"true\" class=\"wp-block-spacer\"><\/div>\n\n\n\n<p class=\"has-text-align-center\"><em>Si tu n&#8217;arrives vraiment pas \u00e0 l&#8217;envoyer via le formulaire ou si tu as une question, contacte-nous directement \u00e0 l&#8217;adresse <a href=\"mailto:concours@photoclubgland.ch\">concours@photoclubgland.ch<\/a> avec ton nom, pr\u00e9nom et adresse mail.<\/em><\/p>\n\n\n\n<figure class=\"wp-block-gallery has-nested-images columns-default is-cropped wp-block-gallery-1 is-layout-flex wp-block-gallery-is-layout-flex\">\n<figure class=\"wp-block-image size-full\"><img loading=\"lazy\" decoding=\"async\" width=\"1772\" height=\"1772\" data-id=\"7177\" src=\"https:\/\/www.photoclubgland.ch\/Wpress\/wp-content\/uploads\/2025\/11\/Recto-concours-2025-2026-2.jpg\" alt=\"\" class=\"wp-image-7177\" srcset=\"https:\/\/www.photoclubgland.ch\/Wpress\/wp-content\/uploads\/2025\/11\/Recto-concours-2025-2026-2.jpg 1772w, https:\/\/www.photoclubgland.ch\/Wpress\/wp-content\/uploads\/2025\/11\/Recto-concours-2025-2026-2-300x300.jpg 300w, https:\/\/www.photoclubgland.ch\/Wpress\/wp-content\/uploads\/2025\/11\/Recto-concours-2025-2026-2-150x150.jpg 150w, https:\/\/www.photoclubgland.ch\/Wpress\/wp-content\/uploads\/2025\/11\/Recto-concours-2025-2026-2-768x768.jpg 768w, https:\/\/www.photoclubgland.ch\/Wpress\/wp-content\/uploads\/2025\/11\/Recto-concours-2025-2026-2-100x100.jpg 100w, https:\/\/www.photoclubgland.ch\/Wpress\/wp-content\/uploads\/2025\/11\/Recto-concours-2025-2026-2-250x250.jpg 250w, https:\/\/www.photoclubgland.ch\/Wpress\/wp-content\/uploads\/2025\/11\/Recto-concours-2025-2026-2-320x320.jpg 320w, https:\/\/www.photoclubgland.ch\/Wpress\/wp-content\/uploads\/2025\/11\/Recto-concours-2025-2026-2-1536x1536.jpg 1536w, https:\/\/www.photoclubgland.ch\/Wpress\/wp-content\/uploads\/2025\/11\/Recto-concours-2025-2026-2-80x80.jpg 80w, https:\/\/www.photoclubgland.ch\/Wpress\/wp-content\/uploads\/2025\/11\/Recto-concours-2025-2026-2-1320x1320.jpg 1320w\" sizes=\"auto, (max-width: 1772px) 100vw, 1772px\" \/><\/figure>\n\n\n\n<figure class=\"wp-block-image size-full\"><img loading=\"lazy\" decoding=\"async\" width=\"1772\" height=\"1772\" data-id=\"7178\" src=\"https:\/\/www.photoclubgland.ch\/Wpress\/wp-content\/uploads\/2025\/11\/Verso-concours-photo-2025-2026-3.jpg\" alt=\"\" class=\"wp-image-7178\" srcset=\"https:\/\/www.photoclubgland.ch\/Wpress\/wp-content\/uploads\/2025\/11\/Verso-concours-photo-2025-2026-3.jpg 1772w, https:\/\/www.photoclubgland.ch\/Wpress\/wp-content\/uploads\/2025\/11\/Verso-concours-photo-2025-2026-3-300x300.jpg 300w, https:\/\/www.photoclubgland.ch\/Wpress\/wp-content\/uploads\/2025\/11\/Verso-concours-photo-2025-2026-3-150x150.jpg 150w, https:\/\/www.photoclubgland.ch\/Wpress\/wp-content\/uploads\/2025\/11\/Verso-concours-photo-2025-2026-3-768x768.jpg 768w, https:\/\/www.photoclubgland.ch\/Wpress\/wp-content\/uploads\/2025\/11\/Verso-concours-photo-2025-2026-3-100x100.jpg 100w, https:\/\/www.photoclubgland.ch\/Wpress\/wp-content\/uploads\/2025\/11\/Verso-concours-photo-2025-2026-3-250x250.jpg 250w, https:\/\/www.photoclubgland.ch\/Wpress\/wp-content\/uploads\/2025\/11\/Verso-concours-photo-2025-2026-3-320x320.jpg 320w, https:\/\/www.photoclubgland.ch\/Wpress\/wp-content\/uploads\/2025\/11\/Verso-concours-photo-2025-2026-3-1536x1536.jpg 1536w, https:\/\/www.photoclubgland.ch\/Wpress\/wp-content\/uploads\/2025\/11\/Verso-concours-photo-2025-2026-3-80x80.jpg 80w, https:\/\/www.photoclubgland.ch\/Wpress\/wp-content\/uploads\/2025\/11\/Verso-concours-photo-2025-2026-3-1320x1320.jpg 1320w\" sizes=\"auto, (max-width: 1772px) 100vw, 1772px\" \/><\/figure>\n<\/figure>\n\n\n\n<div class=\"wp-block-advgb-button aligncenter\"><a class=\"wp-block-advgb-button_link advgbbtn-26fd340f-cd5e-42a6-a9f1-6af9bf576269\" href=\"https:\/\/drive.google.com\/file\/d\/1vL8Jw1zQa9VhFVNycyzduGwHUvNowaEP\/view?usp=drive_link\" target=\"_blank\" rel=\"noopener noreferrer\"><span>T\u00e9l\u00e9charger le flyer<\/span><\/a><\/div>\n\n\n\n<hr class=\"wp-block-separator has-alpha-channel-opacity cnvs-block-core-separator-1763591491080\"\/>\n\n\n\n<h2 class=\"wp-block-heading\" id=\"a-gagner-dbc2a290-0637-42b0-a132-82652d4ba87b\">\u00c0 gagner<\/h2>\n\n\n\n<ul class=\"wp-block-list\">\n<li><strong>Des bons chez les commer\u00e7ants de Gland participants.<\/strong><\/li>\n\n\n\n<li>Votre photo expos\u00e9e du 13 au 22 mars 2026 dans le complexe de Grand-Champ lors de notre expo annuelle.<\/li>\n<\/ul>\n\n\n\n<p>\ud83c\udfc6 Annonce des gagnants le 13 mars \u00e0 19h00 lors du vernissage de notre exposition.<\/p>\n\n\n\n<h2 class=\"wp-block-heading\" id=\"condition-de-participation-3e5569c9-d824-440b-b5fd-ea49d7859737\">Conditions de participation<\/h2>\n\n\n\n<p><strong>Participation gratuite et ouverte \u00e0 tous<\/strong>, except\u00e9 aux membres de notre club.<\/p>\n\n\n\n<p>En participant au concours, vous autorisez le Photo Club Gland \u00e0 diffuser votre photo lors de son exposition annuelle ainsi que sur ses r\u00e9seaux sociaux.<\/p>\n\n\n\n<div class=\"wp-block-advgb-button alignnone\"><a class=\"wp-block-advgb-button_link advgbbtn-7a2f1ebe-51e4-40c4-b0b5-6e33297f8ea3\" href=\"https:\/\/drive.google.com\/file\/d\/1to3j3L_QI3AoPdwxqTNuupUCFep20g_T\/view?usp=drive_link\" target=\"_blank\" rel=\"noopener noreferrer\"><span>\ud83d\udcc4 T\u00e9l\u00e9charger le r\u00e8glement d\u00e9taill\u00e9<\/span><\/a><\/div>\n\n\n\n<p><\/p>\n\n\n\n<p><\/p>\n\n\n\n<p><\/p>\n<style class=\"advgb-styles-renderer\">.advgbbtn-c69fd160-71d9-47b0-9c0c-e951a670660c{font-size:18px;color:#fff !important;background-color:#08b143 !important;margin:0px 0px 0px 0px !important;padding:10px 30px 10px 30px;border-width:1px !important;border-style:none;border-radius:50px !important;}.advgbbtn-c69fd160-71d9-47b0-9c0c-e951a670660c:hover{box-shadow:1px 1px 12px 0px #ccc;opacity:1;transition:all 0.2s ease;}.advgbbtn-c69fd160-71d9-47b0-9c0c-e951a670660c > i {display: none !important;}.advgbbtn-26fd340f-cd5e-42a6-a9f1-6af9bf576269{font-size:18px;color:#fff !important;background-color:#08b143 !important;margin:0px 0px 0px 0px !important;padding:10px 30px 10px 30px;border-width:1px !important;border-style:none;border-radius:50px !important;}.advgbbtn-26fd340f-cd5e-42a6-a9f1-6af9bf576269:hover{box-shadow:1px 1px 12px 0px #ccc;opacity:1;transition:all 0.2s ease;}.advgbbtn-26fd340f-cd5e-42a6-a9f1-6af9bf576269 > i {display: none !important;}.advgbbtn-7a2f1ebe-51e4-40c4-b0b5-6e33297f8ea3{font-size:16px;color:#fff !important;background-color:#08b143 !important;margin:0px 0px 0px 0px !important;padding:10px 30px 10px 30px;border-width:1px !important;border-style:none;border-radius:50px !important;}.advgbbtn-7a2f1ebe-51e4-40c4-b0b5-6e33297f8ea3:hover{box-shadow:1px 1px 12px 0px #ccc;opacity:1;transition:all 0.2s ease;}.advgbbtn-7a2f1ebe-51e4-40c4-b0b5-6e33297f8ea3 > i {display: none !important;}<\/style>","protected":false},"excerpt":{"rendered":"<p>Concours photo #4 Notre concours public annuel est de retour pour sa 4\u00e8me \u00e9dition ! R\u00e9alise une seule photo au format carr\u00e9 sur le th\u00e8me \u00ab Ombre(s) \u00bb et envoie-la <a class=\"more-link\" href=\"https:\/\/www.photoclubgland.ch\/Wpress\/concours-2025-2026\/\">Continuer la lecture<span class=\"screen-reader-text\">Concours photo<\/span><span class=\"meta-nav\">&rarr;<\/span><\/a><\/p>\n","protected":false},"author":32,"featured_media":7177,"parent":0,"menu_order":0,"comment_status":"closed","ping_status":"closed","template":"","meta":{"advgb_blocks_editor_width":"","advgb_blocks_columns_visual_guide":"","ngg_post_thumbnail":0,"footnotes":""},"class_list":["post-7149","page","type-page","status-publish","has-post-thumbnail","hentry"],"coauthors":[],"author_meta":{"author_link":"https:\/\/www.photoclubgland.ch\/Wpress\/author\/poulpie\/","display_name":"Virginie"},"relative_dates":{"created":"Publi\u00e9 5 mois il y a","modified":"Mis \u00e0 jour 5 mois il y a"},"absolute_dates":{"created":"Publi\u00e9 le 30 novembre, 2025","modified":"Mise \u00e0 jour le 30 novembre, 2025"},"absolute_dates_time":{"created":"Publi\u00e9 le 30 novembre, 2025 22h13","modified":"Mise \u00e0 jour le 30 novembre, 2025 22h16"},"featured_img_caption":"","featured_img":"https:\/\/www.photoclubgland.ch\/Wpress\/wp-content\/uploads\/2025\/11\/Recto-concours-2025-2026-2.jpg","series_order":"","_links":{"self":[{"href":"https:\/\/www.photoclubgland.ch\/Wpress\/wp-json\/wp\/v2\/pages\/7149","targetHints":{"allow":["GET"]}}],"collection":[{"href":"https:\/\/www.photoclubgland.ch\/Wpress\/wp-json\/wp\/v2\/pages"}],"about":[{"href":"https:\/\/www.photoclubgland.ch\/Wpress\/wp-json\/wp\/v2\/types\/page"}],"author":[{"embeddable":true,"href":"https:\/\/www.photoclubgland.ch\/Wpress\/wp-json\/wp\/v2\/users\/32"}],"replies":[{"embeddable":true,"href":"https:\/\/www.photoclubgland.ch\/Wpress\/wp-json\/wp\/v2\/comments?post=7149"}],"version-history":[{"count":20,"href":"https:\/\/www.photoclubgland.ch\/Wpress\/wp-json\/wp\/v2\/pages\/7149\/revisions"}],"predecessor-version":[{"id":7212,"href":"https:\/\/www.photoclubgland.ch\/Wpress\/wp-json\/wp\/v2\/pages\/7149\/revisions\/7212"}],"wp:featuredmedia":[{"embeddable":true,"href":"https:\/\/www.photoclubgland.ch\/Wpress\/wp-json\/wp\/v2\/media\/7177"}],"wp:attachment":[{"href":"https:\/\/www.photoclubgland.ch\/Wpress\/wp-json\/wp\/v2\/media?parent=7149"}],"curies":[{"name":"wp","href":"https:\/\/api.w.org\/{rel}","templated":true}]}}