{"id":7293,"date":"2025-12-08T20:49:31","date_gmt":"2025-12-08T19:49:31","guid":{"rendered":"https:\/\/www.photoclubgland.ch\/Wpress\/?page_id=7293"},"modified":"2025-12-08T21:11:09","modified_gmt":"2025-12-08T20:11:09","slug":"expo-folg","status":"publish","type":"page","link":"https:\/\/www.photoclubgland.ch\/Wpress\/expo-folg\/","title":{"rendered":"FOLG 2025-26"},"content":{"rendered":"\n<h2 class=\"wp-block-heading\" id=\"folg-festivites-ombre-et-lumiere-a-gland-0fe1aaf6-d1c3-46e7-8ba9-179b66976b55\">FOLG | <strong>Festivit\u00e9s Ombre et Lumi\u00e8re \u00e0 Gland<\/strong><\/h2>\n\n\n\n<h4 class=\"wp-block-heading\" id=\"soiree-de-cloture-exposition-photo-club-gland-75a4ff1a-6140-42a1-a0d0-fca79c843c67\">Soir\u00e9e de cl\u00f4ture | Exposition Photo Club Gland<\/h4>\n\n\n\n<figure class=\"wp-block-gallery has-nested-images columns-default is-cropped wp-block-gallery-1 is-layout-flex wp-block-gallery-is-layout-flex\">\n<figure class=\"wp-block-image size-large\"><img loading=\"lazy\" decoding=\"async\" width=\"2000\" height=\"761\" data-id=\"7294\" src=\"https:\/\/www.photoclubgland.ch\/Wpress\/wp-content\/uploads\/2025\/12\/17.-soiree-festive-scaled-1.jpg\" alt=\"\" class=\"wp-image-7294\" srcset=\"https:\/\/www.photoclubgland.ch\/Wpress\/wp-content\/uploads\/2025\/12\/17.-soiree-festive-scaled-1.jpg 2000w, https:\/\/www.photoclubgland.ch\/Wpress\/wp-content\/uploads\/2025\/12\/17.-soiree-festive-scaled-1-300x114.jpg 300w, https:\/\/www.photoclubgland.ch\/Wpress\/wp-content\/uploads\/2025\/12\/17.-soiree-festive-scaled-1-768x292.jpg 768w, https:\/\/www.photoclubgland.ch\/Wpress\/wp-content\/uploads\/2025\/12\/17.-soiree-festive-scaled-1-1536x584.jpg 1536w, https:\/\/www.photoclubgland.ch\/Wpress\/wp-content\/uploads\/2025\/12\/17.-soiree-festive-scaled-1-1320x502.jpg 1320w\" sizes=\"auto, (max-width: 2000px) 100vw, 2000px\" \/><\/figure>\n<\/figure>\n\n\n\n<p><strong>Les FOLG s\u2019ach\u00e8vent avec une soir\u00e9e de cl\u00f4ture rythm\u00e9e par la cr\u00e9ativit\u00e9, la danse et la convivialit\u00e9.<\/strong><\/p>\n\n\n\n<h3 class=\"wp-block-heading\" id=\"programme-6ffff14f-9858-4fc5-8def-4d642aa84a66\"><strong>Programme<\/strong><\/h3>\n\n\n\n<p>La soir\u00e9e de cl\u00f4ture se d\u00e9roulera le vendredi 9 janvier, d\u00e8s 17h00.<br>Ouverture des portes avec un verre d\u2019accueil et lancement des votes pour le concours photo des membres du Photo Club Gland.<\/p>\n\n\n\n<p>Les cr\u00e9ations des ateliers de l\u2019ADAC seront pr\u00e9sent\u00e9es au public avant la fermeture des votes \u00e0 18h30, ainsi que l\u2019\u0153uvre collective r\u00e9alis\u00e9e par les r\u00e9sident.e.s de l\u2019EMS en collaboration avec les enfants de l\u2019UAPE &#8220;<em>Le Colibri<\/em>&#8221; sous la direction artistique de l\u2019artiste-peintre locale Eloisa Rodriguez.<\/p>\n\n\n\n<p>La partie officielle cl\u00f4turera les FOLG et un spectacle de danse fera office d\u2019interlude avant l\u2019annonce des r\u00e9sultats et la c\u00e9l\u00e9bration des laur\u00e9ats !<\/p>\n\n\n\n<p><strong>Vous ne pouvez pas venir \u00e0 la soir\u00e9e de cl\u00f4ture ?<\/strong><\/p>\n\n\n\n<p>L&#8217;exposition du Photo Club Gland se prolonge jusqu&#8217;au 11 janvier.<br>Venez d\u00e9couvrir les plus belles photos des FOLG captur\u00e9es par nos membres, en leur pr\u00e9sence.<\/p>\n\n\n\n<div style=\"height:60px\" aria-hidden=\"true\" class=\"wp-block-spacer\"><\/div>\n\n\n\n<h3 class=\"wp-block-heading\" id=\"infos-pratiques-0c74cea2-56b6-4080-8456-897dd92bf916\">Infos pratiques<\/h3>\n\n\n\n<h4 class=\"wp-block-heading\" id=\"soiree-de-cloture-infos-pratiques-0075c115-15f0-4727-8a93-93b11513ddf3\"><strong>\ud83c\udf89<\/strong> <strong>Soir\u00e9e de cl\u00f4ture<\/strong><\/h4>\n\n\n\n<p><strong>Date :<\/strong> Vendredi 9 janvier 2026<br><strong>Heures :<\/strong> 17h00 \u00e0 20h00<br><strong>Lieu : <\/strong>Salle communale | Grand&#8217;Rue 38 &#8211; 1196 Gland<\/p>\n\n\n\n<h4 class=\"wp-block-heading\" id=\"exposition-photo-infos-pratiques-438fb8f6-ba00-4f22-9b2f-73ce65dc733a\">\ud83d\uddbc\ufe0f <strong>Exposition photo<\/strong><\/h4>\n\n\n\n<p><strong>Date :<\/strong> Samedi 10 au dimanche 11 janvier 2026<br><strong>Heures :<\/strong> 13h00 \u00e0 17h00<br><strong>Lieu : <\/strong>Salle communale | Grand&#8217;Rue 38 &#8211; 1196 Gland<\/p>\n\n\n\n<hr class=\"wp-block-separator has-alpha-channel-opacity\"\/>\n\n\n\n<figure class=\"wp-block-image size-full\"><img loading=\"lazy\" decoding=\"async\" width=\"2000\" height=\"761\" src=\"https:\/\/www.photoclubgland.ch\/Wpress\/wp-content\/uploads\/2025\/12\/18.-Expo-photo-Club-scaled-1.jpg\" alt=\"\" class=\"wp-image-7295\" srcset=\"https:\/\/www.photoclubgland.ch\/Wpress\/wp-content\/uploads\/2025\/12\/18.-Expo-photo-Club-scaled-1.jpg 2000w, https:\/\/www.photoclubgland.ch\/Wpress\/wp-content\/uploads\/2025\/12\/18.-Expo-photo-Club-scaled-1-300x114.jpg 300w, https:\/\/www.photoclubgland.ch\/Wpress\/wp-content\/uploads\/2025\/12\/18.-Expo-photo-Club-scaled-1-768x292.jpg 768w, https:\/\/www.photoclubgland.ch\/Wpress\/wp-content\/uploads\/2025\/12\/18.-Expo-photo-Club-scaled-1-1536x584.jpg 1536w, https:\/\/www.photoclubgland.ch\/Wpress\/wp-content\/uploads\/2025\/12\/18.-Expo-photo-Club-scaled-1-1320x502.jpg 1320w\" sizes=\"auto, (max-width: 2000px) 100vw, 2000px\" \/><\/figure>\n\n\n\n<p><\/p>\n","protected":false},"excerpt":{"rendered":"<p>FOLG | Festivit\u00e9s Ombre et Lumi\u00e8re \u00e0 Gland Soir\u00e9e de cl\u00f4ture | Exposition Photo Club Gland Les FOLG s\u2019ach\u00e8vent avec une soir\u00e9e de cl\u00f4ture rythm\u00e9e par la cr\u00e9ativit\u00e9, la danse <a class=\"more-link\" href=\"https:\/\/www.photoclubgland.ch\/Wpress\/expo-folg\/\">Continuer la lecture<span class=\"screen-reader-text\">FOLG 2025-26<\/span><span class=\"meta-nav\">&rarr;<\/span><\/a><\/p>\n","protected":false},"author":32,"featured_media":7302,"parent":0,"menu_order":0,"comment_status":"closed","ping_status":"closed","template":"","meta":{"advgb_blocks_editor_width":"","advgb_blocks_columns_visual_guide":"","ngg_post_thumbnail":0,"footnotes":""},"class_list":["post-7293","page","type-page","status-publish","has-post-thumbnail","hentry"],"coauthors":[],"author_meta":{"author_link":"https:\/\/www.photoclubgland.ch\/Wpress\/author\/poulpie\/","display_name":"Virginie"},"relative_dates":{"created":"Publi\u00e9 5 mois il y a","modified":"Mis \u00e0 jour 5 mois il y a"},"absolute_dates":{"created":"Publi\u00e9 le 8 d\u00e9cembre, 2025","modified":"Mise \u00e0 jour le 8 d\u00e9cembre, 2025"},"absolute_dates_time":{"created":"Publi\u00e9 le 8 d\u00e9cembre, 2025 20h49","modified":"Mise \u00e0 jour le 8 d\u00e9cembre, 2025 21h11"},"featured_img_caption":"","featured_img":"https:\/\/www.photoclubgland.ch\/Wpress\/wp-content\/uploads\/2025\/12\/csm_FOLG_SITEINTERNET_ACTU_333af44c15.jpg","series_order":"","_links":{"self":[{"href":"https:\/\/www.photoclubgland.ch\/Wpress\/wp-json\/wp\/v2\/pages\/7293","targetHints":{"allow":["GET"]}}],"collection":[{"href":"https:\/\/www.photoclubgland.ch\/Wpress\/wp-json\/wp\/v2\/pages"}],"about":[{"href":"https:\/\/www.photoclubgland.ch\/Wpress\/wp-json\/wp\/v2\/types\/page"}],"author":[{"embeddable":true,"href":"https:\/\/www.photoclubgland.ch\/Wpress\/wp-json\/wp\/v2\/users\/32"}],"replies":[{"embeddable":true,"href":"https:\/\/www.photoclubgland.ch\/Wpress\/wp-json\/wp\/v2\/comments?post=7293"}],"version-history":[{"count":8,"href":"https:\/\/www.photoclubgland.ch\/Wpress\/wp-json\/wp\/v2\/pages\/7293\/revisions"}],"predecessor-version":[{"id":7315,"href":"https:\/\/www.photoclubgland.ch\/Wpress\/wp-json\/wp\/v2\/pages\/7293\/revisions\/7315"}],"wp:featuredmedia":[{"embeddable":true,"href":"https:\/\/www.photoclubgland.ch\/Wpress\/wp-json\/wp\/v2\/media\/7302"}],"wp:attachment":[{"href":"https:\/\/www.photoclubgland.ch\/Wpress\/wp-json\/wp\/v2\/media?parent=7293"}],"curies":[{"name":"wp","href":"https:\/\/api.w.org\/{rel}","templated":true}]}}